i + 4*q = 28. What is the greatest common divisor of i and 12?
4
Let k = 30 - 15. Let m be 100/k*24/5. What is the greatest common divisor of m and 352?
32
Let k(u) = 102*u - 1017. Let y be k(10). Let j = 5 - 2. What is the highest common divisor of j and y?
3
Let b = -97 + 118. What is the greatest common divisor of b and 273?
21
Let l(s) = 2*s**2 - 2*s + 2. Let q be l(3). Let u be ((-126)/(-84))/((-1)/(-14)). What is the greatest common divisor of u and q?
7
Let k be 98/(-245) - (-482)/5. Calculate the highest common divisor of 132 and k.
12
Suppose 15*g - 29*g = -224. Calculate the greatest common factor of g and 10.
2
Suppose 3*c = 2*g - 56, -c = -g + 22 + 6. Calculate the greatest common factor of g and 224.
28
Let a = 946 - 902. What is the greatest common divisor of a and 297?
11
Suppose 0 = 3*n - 3*u - 46 - 20, 0 = 5*n - 2*u - 110. Calculate the highest common divisor of n and 2.
2
Suppose -3*u - 4 = -13. Let v be ((4 - 0) + -4)/1. Suppose v = 9*b - 333 + 36. What is the highest common factor of u and b?
3
Let u = -40 - -38. Let k be (1 + 3)*(-9)/u. Calculate the highest common divisor of 162 and k.
18
Let j = -79 - -120. Suppose -3*y + 43 = -j. Calculate the highest common divisor of 4 and y.
4
Let t = -15 - -18. Suppose 5*o + 4*i - 210 = 0, t = -i - 2. Let q = o - 25. What is the highest common factor of q and 21?
21
Let m be (-18)/(-90) - (-2)/(10/209). Suppose 24 = 4*q - 0*q. What is the greatest common factor of m and q?
6
Let m be -18*7/(14/(-23)). Let g be ((-92)/12)/((-3)/9). Calculate the greatest common divisor of g and m.
23
Let b be (-19)/(855/1188)*-5. What is the highest common factor of b and 66?
66
Let c be (-1 + -4)*(-3 + 0 + -4). Let u be (1 + c)/((-84)/(-112)). What is the greatest common factor of u and 32?
16
Let u(b) = -19*b**3 - b**2. Let j = -121 - -120. Let p be u(j). Calculate the highest common divisor of p and 234.
18
Let o = -152 + 170. What is the greatest common factor of 57 and o?
3
Suppose 0 = -4*h - 4*v + 44, -2*h - 3*h - v = -71. Let d(t) = -2*t + 69. Let i be d(h). What is the greatest common divisor of i and 26?
13
Let m = 48 - 49. Let p(z) = -z + 3. Let d be p(m). Suppose -227 + 7 = -5*o. Calculate the highest common divisor of d and o.
4
Let g(b) = b**3 + 17*b**2 + 13*b + 41. Let z be g(-11). Calculate the greatest common factor of z and 24.
24
Suppose -g + 22 = 4*l - 47, -2*l = 4*g - 206. What is the highest common divisor of 14 and g?
7
Let d(c) = 6*c + 180. Let p be d(0). What is the greatest common factor of 36 and p?
36
Suppose -5*o = 3*o - 1296. Suppose 35 = 2*a - s + 3, -2*a - 4*s + 52 = 0. What is the highest common divisor of a and o?
18
Let j be (74/8 + -4)/(2/16). Let o = j - 14. What is the greatest common factor of 84 and o?
28
Suppose 0 = -29*o - 358 + 1112. Calculate the highest common factor of 533 and o.
13
Let c(x) = -2*x**3 + 3*x**2 - 3*x + 2. Let z be c(-3). Calculate the highest common factor of z and 506.
46
Let c(d) = -2*d - 3. Let f be c(-4). Suppose -f*a + 5*k = 210, 5*a - 2*a - 2*k + 121 = 0. Let z = 63 + a. Calculate the greatest common factor of 104 and z.
26
Let s be 14 + -1*1 - 248/(-124). What is the greatest common divisor of s and 70?
5
Let k(z) = -3*z + 47 + 18*z + z**2 - 18 - 21. Let y be k(-16). Calculate the greatest common divisor of 60 and y.
12
Let n(t) = -1 + 4*t + 1 - 21. Let g be n(7). Calculate the highest common divisor of g and 77.
7
Suppose -3*m + 11 - 41 = 0. Let g be (328/m)/((-2)/5). What is the highest common factor of g and 41?
41
Let i be (4590/(-36))/((-1)/6). What is the highest common factor of 45 and i?
45
Let d be 4/10 + (-458)/(-5). Suppose 7*h + 552 = 10*h + 21*h. What is the highest common divisor of d and h?
23
Let z(c) = 7*c + 6*c**2 - 4*c**2 - c**2 + 5*c**2 + 1 - c**3. Let t be z(7). Calculate the highest common factor of 9 and t.
1
Suppose -r + l - 2*l + 2 = 0, 0 = 4*r - l - 3. Let x be -9*r/(-21) - (-2514)/14. What is the highest common divisor of x and 45?
45
Suppose -220 = -4*m - 2*i, 41*i = -4*m + 38*i + 222. Let l(k) = 7*k**2 - 1. Let n be l(-1). Calculate the highest common divisor of m and n.
6
Let g(k) = k**2 + k. Let d be (-2)/(-6)*(2 - 2 - -3). Let f be g(d). Calculate the greatest common factor of 12 and f.
2
Suppose -13*g = -11*g - h - 66, 4*h + 40 = g. What is the highest common factor of 608 and g?
32
Let p = -7 + 22. Let i = 26 - p. Calculate the highest common divisor of 121 and i.
11
Suppose 4*l + 2*u - 70 = 0, -l + 2*u = 2*l - 56. Suppose l*w = 14*w + 88. What is the greatest common divisor of 66 and w?
22
Let t be -2*((-4 - 1) + 6/4). Calculate the highest common divisor of t and 224.
7
Let u be (-5 + 2)/(9/(-48)). Let w be ((-99)/12)/((-4)/u). Calculate the greatest common divisor of w and 11.
11
Suppose -8*k - 7*k = -1080. Calculate the highest common divisor of k and 8.
8
Let i(z) = z**2 + z - 13. Let o be i(-11). Suppose o = -3*a - q, 0*a + 3*q - 61 = 2*a. Let s be 2 - a/2 - 1. What is the greatest common factor of s and 136?
17
Let u = 87 + -3. Suppose 0 = -5*b + 7*b - 12. What is the highest common factor of b and u?
6
Let s be (4/(-6))/((-8)/(-852)). Let i = -8 - s. Calculate the greatest common divisor of 9 and i.
9
Let a(q) be the second derivative of q**5/20 + 5*q**4/4 + 5*q**3/6 - 7*q**2/2 - 7*q. Let p be a(-14). Calculate the highest common divisor of p and 17.
17
Suppose -2*i = 4*a + 2, i + 3*i - 26 = 2*a. Suppose 4*r = -q + 40, i*q = -2*r + 23 + 87. What is the greatest common factor of 40 and q?
20
Let r = 4 + -11. Let j(c) = -c**3 + 7*c**2 + 17*c - 10. Let f be j(9). Let x = r - f. Calculate the greatest common factor of 132 and x.
12
Let c(i) = -i**3 + 7*i**2 - 5*i - 4. Let x be c(6). Let l(y) = 4*y**2 + y - 3. Let d be l(x). Calculate the highest common divisor of d and 5.
5
Let j be -1 + (1 - (-2 + 4)). Let m be 8 + j - 2*1. Let y be ((-10)/m - -2)*-14. What is the highest common divisor of 70 and y?
7
Suppose -j = 3*j - 3*g - 294, j + 4*g - 64 = 0. Let l be ((-364)/(-6))/(48/j). Calculate the highest common factor of 13 and l.
13
Let z = -1247 + 1259. Calculate the greatest common divisor of 81 and z.
3
Let i(c) = c - 58. Let x(j) = -j + 57. Let o(d) = 2*i(d) + 3*x(d). Let b be o(23). Calculate the greatest common divisor of b and 160.
32
Let h(a) = 8*a + 11. Let z be h(7). Let x = -37 + z. Suppose g = -b - 4*g + 40, 20 = 5*g. What is the greatest common factor of x and b?
10
Let q be ((-7)/(-42) - (-2)/(-3))*6. Let w = q + 16. Calculate the highest common factor of w and 104.
13
Let q be (-1)/((-13)/(-3) + -4). Let f = q + 6. What is the highest common factor of 9 and f?
3
Let v(k) = 2*k + 18. Let u be v(-8). Let f(m) = 3*m**u - 1 + 2 + 10*m - 7*m. Let z be f(-6). Calculate the highest common divisor of 13 and z.
13
Let f = 40 - 39. Let h be (-4 - -6) + -3 + (f - -25). What is the greatest common divisor of h and 10?
5
Let l(f) = 2*f**2 - 3*f + 2. Let q be l(2). Let b(z) = -z**3 + 5*z**2 - 2*z. Let k be b(q). What is the highest common divisor of 88 and k?
8
Let v(x) = -2*x**2 + 10 - 3*x - 6 + 20*x. Let z be v(8). What is the highest common divisor of 276 and z?
12
Let x = 43 - 26. Let q = 20 - x. Suppose q*w + 78 = 2*t + 2*t, -5*t - 4*w = -82. What is the greatest common divisor of 144 and t?
18
Suppose -5*i = -i. Suppose -5*t + 75 = r - 2*t, -3*r + t + 225 = i. What is the highest common divisor of 30 and r?
15
Suppose -t - 2*c + 13 + 13 = 0, -5*t - 5*c = -120. What is the greatest common divisor of t and 88?
22
Suppose 12 = 4*t + t + i, 3*t + 4*i + 3 = 0. Suppose 5 = g - 2*k + t*k, g + 11 = -5*k. Calculate the highest common divisor of 12 and g.
3
Let n be (-1 - (-10)/3)/((-2)/(-42)). Suppose -n = -7*u - 0. What is the greatest common divisor of 7 and u?
7
Let m = 4285 + -1981. What is the highest common factor of m and 18?
18
Let x = 10 - 8. Suppose -x*h = -h - 5. Suppose -4*i + 18 = -22. Calculate the highest common factor of h and i.
5
Suppose -16 + 56 = r. Suppose 178*h + 540 = 180*h + 5*x, 0 = 5*h + 5*x - 1380. What is the greatest common factor of r and h?
40
Let w = -1155 + 1232. What is the highest common divisor of w and 275?
11
Let k(d) = -5*d - 4*d - 2*d - 7. Let s be (2/(-2) + 2)*-7. Let r be k(s). Calculate the greatest common factor of r and 14.
14
Let d(h) = -16*h - 661. 